{"id":26,"date":"2016-03-18T17:24:25","date_gmt":"2016-03-18T16:24:25","guid":{"rendered":"http:\/\/www.partizipation.tirol\/wordpress1\/?page_id=26"},"modified":"2016-08-01T23:36:17","modified_gmt":"2016-08-01T21:36:17","slug":"kontakte","status":"publish","type":"page","link":"https:\/\/www.partizipation.tirol\/wordpress1\/kontakte\/","title":{"rendered":"\u00dcber Uns"},"content":{"rendered":"<h2><span style=\"color: #99cc00;\"><strong>Wer wir sind und was wir tun?<\/strong><\/span><\/h2>\n<p>Wir haben uns zum Ziel gesetzt die B\u00fcrgerbeteiligung in Tirol zu st\u00e4rken und eine Kultur des partizipativen Gestaltens zu f\u00f6rdern. Aus diesem Grund haben wir partizipation.tirol gegr\u00fcndet.<\/p>\n<p>Wir sind ein <a href=\"https:\/\/www.partizipation.tirol\/wordpress1\/?page_id=75\">Team<\/a> aus erfahrenen ProzessbegleiterInnen und Partizipationsexperten und begleiten Gemeinden, Regionen und Organisationen bei Entwicklungsfragen. Es geht dabei vor allem darum, mit vielen Menschen gemeinsam getragene L\u00f6sungsans\u00e4tze f\u00fcr die jeweiligen Herausforderungen zu finden, zu entwickeln und umzusetzen. Ob es um die Beteiligung von B\u00fcrgerinnen und B\u00fcrgern bei Entwicklungsfragen in der Gemeinde geht, oder um die Moderation von Workshops, wir geben unsere Erfahrung gerne weiter.<\/p>\n<p>Denn es macht uns Freude, wenn wir sehen, dass etwas weitergeht.<\/p>\n<hr \/>\n<p><a href=\"https:\/\/www.partizipation.tirol\/wordpress1\/?page_id=73\">Unser Angebot&#8230;<\/a><\/p>\n","protected":false},"excerpt":{"rendered":"<p>Wer wir sind und was wir tun? Wir haben uns zum Ziel gesetzt die B\u00fcrgerbeteiligung in Tirol zu st\u00e4rken und eine Kultur des partizipativen Gestaltens zu f\u00f6rdern. Aus diesem Grund haben wir partizipation.tirol gegr\u00fcndet. Wir sind ein Team aus erfahrenen<\/p>\n","protected":false},"author":1,"featured_media":45,"parent":0,"menu_order":0,"comment_status":"closed","ping_status":"closed","template":"","meta":{"footnotes":""},"class_list":["post-26","page","type-page","status-publish","has-post-thumbnail","hentry"],"yoast_head":"<!-- This site is optimized with the Yoast SEO plugin v24.6 - https:\/\/yoast.com\/wordpress\/plugins\/seo\/ -->\n<title>\u00dcber Uns - Partizipation Tirol<\/title>\n<meta name=\"robots\" content=\"index, follow, max-snippet:-1, max-image-preview:large, max-video-preview:-1\" \/>\n<link rel=\"canonical\" href=\"https:\/\/www.partizipation.tirol\/wordpress1\/kontakte\/\" \/>\n<meta property=\"og:locale\" content=\"de_DE\" \/>\n<meta property=\"og:type\" content=\"article\" \/>\n<meta property=\"og:title\" content=\"\u00dcber Uns - Partizipation Tirol\" \/>\n<meta property=\"og:description\" content=\"Wer wir sind und was wir tun? Wir haben uns zum Ziel gesetzt die B\u00fcrgerbeteiligung in Tirol zu st\u00e4rken und eine Kultur des partizipativen Gestaltens zu f\u00f6rdern. Aus diesem Grund haben wir partizipation.tirol gegr\u00fcndet. Wir sind ein Team aus erfahrenen\" \/>\n<meta property=\"og:url\" content=\"https:\/\/www.partizipation.tirol\/wordpress1\/kontakte\/\" \/>\n<meta property=\"og:site_name\" content=\"Partizipation Tirol\" \/>\n<meta property=\"article:modified_time\" content=\"2016-08-01T21:36:17+00:00\" \/>\n<meta property=\"og:image\" content=\"https:\/\/www.partizipation.tirol\/wordpress1\/wp-content\/uploads\/2016\/03\/\u00fcber-uns.jpg\" \/>\n\t<meta property=\"og:image:width\" content=\"187\" \/>\n\t<meta property=\"og:image:height\" content=\"189\" \/>\n\t<meta property=\"og:image:type\" content=\"image\/jpeg\" \/>\n<meta name=\"twitter:card\" content=\"summary_large_image\" \/>\n<meta name=\"twitter:label1\" content=\"Gesch\u00e4tzte Lesezeit\" \/>\n\t<meta name=\"twitter:data1\" content=\"1\u00a0Minute\" \/>\n<script type=\"application\/ld+json\" class=\"yoast-schema-graph\">{\"@context\":\"https:\/\/schema.org\",\"@graph\":[{\"@type\":\"WebPage\",\"@id\":\"https:\/\/www.partizipation.tirol\/wordpress1\/kontakte\/\",\"url\":\"https:\/\/www.partizipation.tirol\/wordpress1\/kontakte\/\",\"name\":\"\u00dcber Uns - Partizipation Tirol\",\"isPartOf\":{\"@id\":\"https:\/\/www.partizipation.tirol\/wordpress1\/#website\"},\"primaryImageOfPage\":{\"@id\":\"https:\/\/www.partizipation.tirol\/wordpress1\/kontakte\/#primaryimage\"},\"image\":{\"@id\":\"https:\/\/www.partizipation.tirol\/wordpress1\/kontakte\/#primaryimage\"},\"thumbnailUrl\":\"https:\/\/www.partizipation.tirol\/wordpress1\/wp-content\/uploads\/2016\/03\/\u00fcber-uns.jpg\",\"datePublished\":\"2016-03-18T16:24:25+00:00\",\"dateModified\":\"2016-08-01T21:36:17+00:00\",\"breadcrumb\":{\"@id\":\"https:\/\/www.partizipation.tirol\/wordpress1\/kontakte\/#breadcrumb\"},\"inLanguage\":\"de\",\"potentialAction\":[{\"@type\":\"ReadAction\",\"target\":[\"https:\/\/www.partizipation.tirol\/wordpress1\/kontakte\/\"]}]},{\"@type\":\"ImageObject\",\"inLanguage\":\"de\",\"@id\":\"https:\/\/www.partizipation.tirol\/wordpress1\/kontakte\/#primaryimage\",\"url\":\"https:\/\/www.partizipation.tirol\/wordpress1\/wp-content\/uploads\/2016\/03\/\u00fcber-uns.jpg\",\"contentUrl\":\"https:\/\/www.partizipation.tirol\/wordpress1\/wp-content\/uploads\/2016\/03\/\u00fcber-uns.jpg\",\"width\":187,\"height\":189},{\"@type\":\"BreadcrumbList\",\"@id\":\"https:\/\/www.partizipation.tirol\/wordpress1\/kontakte\/#breadcrumb\",\"itemListElement\":[{\"@type\":\"ListItem\",\"position\":1,\"name\":\"Home\",\"item\":\"https:\/\/www.partizipation.tirol\/wordpress1\/\"},{\"@type\":\"ListItem\",\"position\":2,\"name\":\"\u00dcber Uns\"}]},{\"@type\":\"WebSite\",\"@id\":\"https:\/\/www.partizipation.tirol\/wordpress1\/#website\",\"url\":\"https:\/\/www.partizipation.tirol\/wordpress1\/\",\"name\":\"Partizipation Tirol\",\"description\":\"B\u00fcrgerbeteiligung, Partizipation, Moderation\",\"potentialAction\":[{\"@type\":\"SearchAction\",\"target\":{\"@type\":\"EntryPoint\",\"urlTemplate\":\"https:\/\/www.partizipation.tirol\/wordpress1\/?s={search_term_string}\"},\"query-input\":{\"@type\":\"PropertyValueSpecification\",\"valueRequired\":true,\"valueName\":\"search_term_string\"}}],\"inLanguage\":\"de\"}]}<\/script>\n<!-- \/ Yoast SEO plugin. -->","yoast_head_json":{"title":"\u00dcber Uns - Partizipation Tirol","robots":{"index":"index","follow":"follow","max-snippet":"max-snippet:-1","max-image-preview":"max-image-preview:large","max-video-preview":"max-video-preview:-1"},"canonical":"https:\/\/www.partizipation.tirol\/wordpress1\/kontakte\/","og_locale":"de_DE","og_type":"article","og_title":"\u00dcber Uns - Partizipation Tirol","og_description":"Wer wir sind und was wir tun? Wir haben uns zum Ziel gesetzt die B\u00fcrgerbeteiligung in Tirol zu st\u00e4rken und eine Kultur des partizipativen Gestaltens zu f\u00f6rdern. Aus diesem Grund haben wir partizipation.tirol gegr\u00fcndet. Wir sind ein Team aus erfahrenen","og_url":"https:\/\/www.partizipation.tirol\/wordpress1\/kontakte\/","og_site_name":"Partizipation Tirol","article_modified_time":"2016-08-01T21:36:17+00:00","og_image":[{"width":187,"height":189,"url":"https:\/\/www.partizipation.tirol\/wordpress1\/wp-content\/uploads\/2016\/03\/\u00fcber-uns.jpg","type":"image\/jpeg"}],"twitter_card":"summary_large_image","twitter_misc":{"Gesch\u00e4tzte Lesezeit":"1\u00a0Minute"},"schema":{"@context":"https:\/\/schema.org","@graph":[{"@type":"WebPage","@id":"https:\/\/www.partizipation.tirol\/wordpress1\/kontakte\/","url":"https:\/\/www.partizipation.tirol\/wordpress1\/kontakte\/","name":"\u00dcber Uns - Partizipation Tirol","isPartOf":{"@id":"https:\/\/www.partizipation.tirol\/wordpress1\/#website"},"primaryImageOfPage":{"@id":"https:\/\/www.partizipation.tirol\/wordpress1\/kontakte\/#primaryimage"},"image":{"@id":"https:\/\/www.partizipation.tirol\/wordpress1\/kontakte\/#primaryimage"},"thumbnailUrl":"https:\/\/www.partizipation.tirol\/wordpress1\/wp-content\/uploads\/2016\/03\/\u00fcber-uns.jpg","datePublished":"2016-03-18T16:24:25+00:00","dateModified":"2016-08-01T21:36:17+00:00","breadcrumb":{"@id":"https:\/\/www.partizipation.tirol\/wordpress1\/kontakte\/#breadcrumb"},"inLanguage":"de","potentialAction":[{"@type":"ReadAction","target":["https:\/\/www.partizipation.tirol\/wordpress1\/kontakte\/"]}]},{"@type":"ImageObject","inLanguage":"de","@id":"https:\/\/www.partizipation.tirol\/wordpress1\/kontakte\/#primaryimage","url":"https:\/\/www.partizipation.tirol\/wordpress1\/wp-content\/uploads\/2016\/03\/\u00fcber-uns.jpg","contentUrl":"https:\/\/www.partizipation.tirol\/wordpress1\/wp-content\/uploads\/2016\/03\/\u00fcber-uns.jpg","width":187,"height":189},{"@type":"BreadcrumbList","@id":"https:\/\/www.partizipation.tirol\/wordpress1\/kontakte\/#breadcrumb","itemListElement":[{"@type":"ListItem","position":1,"name":"Home","item":"https:\/\/www.partizipation.tirol\/wordpress1\/"},{"@type":"ListItem","position":2,"name":"\u00dcber Uns"}]},{"@type":"WebSite","@id":"https:\/\/www.partizipation.tirol\/wordpress1\/#website","url":"https:\/\/www.partizipation.tirol\/wordpress1\/","name":"Partizipation Tirol","description":"B\u00fcrgerbeteiligung, Partizipation, Moderation","potentialAction":[{"@type":"SearchAction","target":{"@type":"EntryPoint","urlTemplate":"https:\/\/www.partizipation.tirol\/wordpress1\/?s={search_term_string}"},"query-input":{"@type":"PropertyValueSpecification","valueRequired":true,"valueName":"search_term_string"}}],"inLanguage":"de"}]}},"_links":{"self":[{"href":"https:\/\/www.partizipation.tirol\/wordpress1\/wp-json\/wp\/v2\/pages\/26","targetHints":{"allow":["GET"]}}],"collection":[{"href":"https:\/\/www.partizipation.tirol\/wordpress1\/wp-json\/wp\/v2\/pages"}],"about":[{"href":"https:\/\/www.partizipation.tirol\/wordpress1\/wp-json\/wp\/v2\/types\/page"}],"author":[{"embeddable":true,"href":"https:\/\/www.partizipation.tirol\/wordpress1\/wp-json\/wp\/v2\/users\/1"}],"replies":[{"embeddable":true,"href":"https:\/\/www.partizipation.tirol\/wordpress1\/wp-json\/wp\/v2\/comments?post=26"}],"version-history":[{"count":16,"href":"https:\/\/www.partizipation.tirol\/wordpress1\/wp-json\/wp\/v2\/pages\/26\/revisions"}],"predecessor-version":[{"id":347,"href":"https:\/\/www.partizipation.tirol\/wordpress1\/wp-json\/wp\/v2\/pages\/26\/revisions\/347"}],"wp:featuredmedia":[{"embeddable":true,"href":"https:\/\/www.partizipation.tirol\/wordpress1\/wp-json\/wp\/v2\/media\/45"}],"wp:attachment":[{"href":"https:\/\/www.partizipation.tirol\/wordpress1\/wp-json\/wp\/v2\/media?parent=26"}],"curies":[{"name":"wp","href":"https:\/\/api.w.org\/{rel}","templated":true}]}}